4996?
4
Calculate the highest common divisor of 155 and 527.
31
Calculate the greatest common factor of 1558 and 76.
38
What is the highest common factor of 40 and 120?
40
Calculate the highest common factor of 28 and 154.
14
What is the highest common factor of 14665 and 35?
35
What is the highest common divisor of 112 and 4?
4
What is the highest common factor of 4 and 37?
1
Calculate the highest common factor of 2120 and 9116.
212
Calculate the highest common factor of 308 and 2706.
22
What is the greatest common divisor of 93 and 3?
3
What is the highest common factor of 119 and 71281?
119
What is the highest common factor of 13393 and 59?
59
Calculate the greatest common factor of 261 and 3799.
29
What is the greatest common factor of 53658 and 18?
18
Calculate the highest common divisor of 6244 and 14.
14
Calculate the highest common factor of 11920 and 240.
80
Calculate the greatest common factor of 16056 and 108.
36
Calculate the highest common divisor of 3189 and 3.
3
What is the highest common divisor of 3515 and 190?
95
Calculate the highest common factor of 1786 and 76.
38
Calculate the greatest common divisor of 42238 and 98.
98
Calculate the highest common divisor of 99 and 33.
33
Calculate the highest common divisor of 85 and 340.
85
What is the greatest common divisor of 280 and 1505?
35
Calculate the greatest common divisor of 585 and 65.
65
What is the greatest common factor of 30 and 4335?
15
Calculate the greatest common factor of 330 and 1254.
66
Calculate the greatest common divisor of 103 and 3.
1
Calculate the greatest common factor of 5 and 7655.
5
Calculate the highest common divisor of 12 and 7149.
3
Calculate the greatest common factor of 50 and 2070.
10
Calculate the greatest common factor of 126 and 27.
9
Calculate the highest common factor of 30 and 105.
15
What is the greatest common factor of 6 and 42?
6
Calculate the highest common factor of 6136 and 208.
104
Calculate the highest common divisor of 133 and 51737.
133
What is the greatest common divisor of 494 and 418?
38
Calculate the highest common divisor of 160 and 10.
10
Calculate the greatest common factor of 146 and 1387.
73
What is the greatest common divisor of 246 and 1886?
82
Calculate the highest common divisor of 154 and 847.
77
Calculate the greatest common divisor of 124 and 30566.
62
Calculate the highest common divisor of 15 and 165.
15
Calculate the greatest common factor of 182 and 56.
14
What is the greatest common factor of 118 and 59?
59
Calculate the greatest common divisor of 15 and 3.
3
Calculate the highest common divisor of 50 and 40.
10
What is the greatest common factor of 100 and 70?
10
What is the highest common divisor of 3182 and 74?
74
What is the greatest common divisor of 4212 and 5850?
234
What is the highest common factor of 990 and 1305?
45
What is the highest common factor of 345 and 30?
15
What is the highest common factor of 729 and 18?
9
What is the greatest common divisor of 657 and 146?
73
What is the greatest common divisor of 27 and 11403?
9
What is the greatest common divisor of 1457 and 517?
47
What is the greatest common factor of 133 and 19?
19
Calculate the greatest common divisor of 1308 and 12.
12
What is the highest common factor of 72 and 3438?
18
What is the greatest common factor of 275 and 775?
25
Calculate the greatest common factor of 340 and 136.
68
Calculate the greatest common divisor of 408 and 527.
17
What is the greatest common divisor of 8780 and 20?
20
What is the greatest common factor of 288 and 18?
18
Calculate the greatest common factor of 152 and 323.
19
Calculate the highest common divisor of 26 and 299.
13
What is the greatest common factor of 16 and 272?
16
Calculate the greatest common divisor of 99 and 639.
9
Calculate the highest common factor of 1302 and 279.
93
What is the greatest common divisor of 13 and 169?
13
Calculate the greatest common divisor of 363 and 231.
33
What is the highest common factor of 581 and 217?
7
What is the greatest common factor of 225 and 405?
45
What is the greatest common factor of 44 and 76?
4
What is the highest common divisor of 406 and 58?
58
What is the greatest common factor of 44 and 33?
11
Calculate the greatest common factor of 225 and 9.
9
Calculate the greatest common factor of 240 and 8.
8
What is the highest common divisor of 23 and 1679?
23
What is the highest common divisor of 16070 and 10?
10
What is the greatest common factor of 84 and 36?
12
What is the greatest common divisor of 3 and 237?
3
What is the greatest common factor of 40 and 90?
10
What is the highest common divisor of 99 and 369?
9
Calculate the greatest common divisor of 8268 and 16.
4
What is the greatest common factor of 8 and 2384?
8
What is the greatest common factor of 4922 and 92?
46
What is the highest common divisor of 1 and 4?
1
What is the highest common divisor of 6336 and 99?
99
Calculate the highest common divisor of 18 and 202.
2
What is the greatest common divisor of 1065 and 120?
15
What is the highest common divisor of 56 and 32?
8
What is the greatest common factor of 1173 and 51?
51
Calculate the greatest common factor of 208 and 24.
8
What is the greatest common factor of 2941 and 17?
17
Calculate the greatest common divisor of 10 and 10.
10
Calculate the highest common factor of 92 and 4.
4
What is the highest common divisor of 465 and 3875?
155
Calculate the greatest common divisor of 6 and 30.
6
Calculate the greatest common divisor of 979 and 132.
11
What is the greatest common factor of 7 and 112?
7
Calculate the greatest common divisor of 1081 and 23.
23
What is the highest common divisor of 386 and 1?
1
Calculate the greatest common factor of 1128 and 48.
24
What is the greatest common divisor of 165 and 15?
15
What is the greatest common divisor of 80 and 5720?
40
Calculate the greatest common factor of 171 and 36.
9
Calculate the highest common factor of 7440 and 6.
6
What is the highest common divisor of 29 and 261?
29
Calculate the highest common divisor of 11 and 616.
11
What is the highest common factor of 48 and 276?
12
What is the greatest common factor of 1000 and 150?
50
What is the highest common divisor of 256 and 4224?
128
What is the highest common factor of 9 and 288?
9
What is the greatest common divisor of 6697 and 362?
181
Calculate the highest common factor of 41 and 15703.
41
Calculate the greatest common factor of 583 and 53.
53
Calculate the greatest common factor of 4 and 166.
2
Calculate the greatest common factor of 1457 and 3807.
47
Calculate the greatest common divisor of 184 and 1564.
92
What is the highest common factor of 22110 and 55?
55
What is the greatest common factor of 8 and 720?
8
Calculate the highest common factor of 32 and 38.
2
Calculate the greatest common factor of 414 and 1794.
138
Calculate the greatest common factor of 570 and 10.
10
What is the greatest common factor of 70 and 630?
70
What is the greatest common divisor of 2 and 6?
2
Calculate the highest common divisor of 255 and 105.
15
What is the highest common divisor of 57 and 437?
19
Calculate the highest common divisor of 37 and 8399.
37
What is the greatest common factor of 42 and 7462?
14
What is the greatest common divisor of 828 and 972?
36
Calculate the greatest common factor of 342 and 36.
18
Calculate the greatest common divisor of 20224 and 158.
158
What is the greatest common factor of 2112 and 44?
44
What is the highest common divisor of 19 and 1691?
19
Calculate the greatest common factor of 77 and 2359.
7
Calculate the greatest common divisor of 441 and 189.
63
Calculate the highest common factor of 30 and 1565.
5
Calculate the greatest common factor of 850 and 3910.
170
What is the highest common divisor of 288 and 1548?
36
Calculate the highest common divisor of 1053 and 39.
39
What is the greatest common factor of 21 and 168?
21
Calculate the highest common divisor of 184 and 54.
2
Calculate the greatest common factor of 4015 and 73.
73
Calculate the greatest common factor of 20 and 15.
5
What is the greatest common divisor of 299 and 13?
13
Calculate the greatest common factor of 524 and 131.
131
Calculate the highest common divisor of 290 and 5974.
58
What is the greatest common divisor of 16 and 656?
16
What is the 